37, 191, 21419
List the prime factors of 93140422.
2, 349, 133439
What are the prime factors of 1193566764?
2, 3, 13, 97, 78877
List the prime factors of 2850839802.
2, 3, 47, 3369787
List the prime factors of 420081087.
3, 7027, 19927
List the prime factors of 320306930.
2, 5, 2609, 12277
What are the prime factors of 798538169?
11, 13, 373, 1361
List the prime factors of 101708154.
2, 3, 5650453
List the prime factors of 23970880.
2, 5, 173, 433
What are the prime factors of 307292481?
3, 11381203
What are the prime factors of 5598330446?
2, 1087, 2575129
List the prime factors of 618664093.
618664093
What are the prime factors of 109725684?
2, 3, 17, 19, 28309
List the prime factors of 30467900.
2, 5, 547, 557
What are the prime factors of 95896154?
2, 19, 23, 109721
What are the prime factors of 124671398?
2, 31, 887, 2267
List the prime factors of 34034650.
2, 5, 13, 52361
List the prime factors of 1292694773.
17, 19, 127, 31513
List the prime factors of 292767798.
2, 3, 41, 229, 5197
List the prime factors of 8336912440.
2, 5, 73, 2855107
What are the prime factors of 13937006?
2, 6968503
What are the prime factors of 3501061646?
2, 1913, 915071
What are the prime factors of 17651152?
2, 19, 31, 1873
What are the prime factors of 1644459261?
3, 548153087
What are the prime factors of 424558322?
2, 212279161
What are the prime factors of 10752006?
2, 3, 317, 5653
What are the prime factors of 893307780?
2, 3, 5, 31, 160091
List the prime factors of 100912944.
2, 3, 11, 191123
What are the prime factors of 3931248?
2, 3, 81901
What are the prime factors of 523581729?
3, 11, 23, 689831
List the prime factors of 152316782.
2, 76158391
What are the prime factors of 10950827?
71, 89, 1733
List the prime factors of 10625446.
2, 13, 19, 137, 157
What are the prime factors of 445647793?
19, 23, 317, 3217
List the prime factors of 29114839.
13, 919, 2437
List the prime factors of 34472660.
2, 5, 373, 4621
List the prime factors of 1468725052.
2, 367181263
What are the prime factors of 129505944?
2, 3, 59, 91459
List the prime factors of 8020054.
2, 7, 23, 24907
What are the prime factors of 203440959?
3, 22604551
What are the prime factors of 741926939?
13, 23, 41, 60521
What are the prime factors of 153969142?
2, 263, 292717
What are the prime factors of 51667493?
51667493
What are the prime factors of 157447041?
3, 1823, 28789
What are the prime factors of 1733638679?
19, 83, 1099327
What are the prime factors of 11905086?
2, 3, 1984181
List the prime factors of 67402346.
2, 11, 281, 10903
What are the prime factors of 435542830?
2, 5, 43554283
List the prime factors of 887893047.
3, 19, 53, 313
What are the prime factors of 11368304?
2, 710519
What are the prime factors of 23580253?
23580253
List the prime factors of 237455900.
2, 5, 11, 53, 4073
List the prime factors of 8934682.
2, 163, 27407
List the prime factors of 147782656.
2, 7, 53, 389
What are the prime factors of 3010993879?
17, 2351, 75337
List the prime factors of 127943050.
2, 5, 2558861
What are the prime factors of 105842691?
3, 11760299
What are the prime factors of 296326541?
7, 17, 2490139
List the prime factors of 176577635.
5, 13, 2716579
What are the prime factors of 1503632943?
3, 55690109
What are the prime factors of 160485495?
3, 5, 19, 47, 11981
What are the prime factors of 6141658?
2, 17, 31, 5827
What are the prime factors of 1855566722?
2, 23, 40338407
List the prime factors of 387216174.
2, 3, 17, 37, 47, 59
What are the prime factors of 2471257350?
2, 3, 5, 610187
List the prime factors of 990998941.
19, 43, 1212973
What are the prime factors of 32505951?
3, 73, 148429
List the prime factors of 53061062.
2, 1801, 14731
List the prime factors of 207420638.
2, 17, 347, 17581
What are the prime factors of 1321943321?
59, 3313, 6763
List the prime factors of 53929578.
2, 3, 8988263
List the prime factors of 547031297.
23063, 23719
What are the prime factors of 11433405?
3, 5, 762227
What are the prime factors of 7240662932?
2, 31, 67, 101, 8629
List the prime factors of 393998321.
29, 47, 289067
What are the prime factors of 71548225?
5, 7, 107, 3821
What are the prime factors of 78977391?
3, 26325797
List the prime factors of 331886022.
2, 3, 13, 4254949
What are the prime factors of 580432957?
13, 19, 109, 21559
What are the prime factors of 1478578055?
5, 59, 5012129
List the prime factors of 235624919.
89, 2647471
What are the prime factors of 1561663906?
2, 11, 5839, 12157
What are the prime factors of 245415319?
43, 103, 55411
What are the prime factors of 160088096?
2, 7, 23, 193
List the prime factors of 15205782.
2, 3, 2534297
What are the prime factors of 2409435600?
2, 3, 5, 11, 13, 19, 739
What are the prime factors of 120103503?
3, 13, 19, 109, 1487
List the prime factors of 1024755671.
19, 53934509
List the prime factors of 137999268.
2, 3, 11, 17, 6833
List the prime factors of 3755307997.
7, 536472571
What are the prime factors of 166104206?
2, 23, 3610961
What are the prime factors of 17707054?
2, 83, 106669
What are the prime factors of 1429145286?
2, 3, 107, 131, 16993
List the prime factors of 880984588.
2, 11, 643, 31139
What are the prime factors of 899976795?
3, 5, 263, 228131
List the prime factors of 112923101.
2441, 46261
What are the prime factors of 5311949486?
2, 53, 1051, 47681
List the prime factors of 60465385.
5, 647, 18691
List the prime factors of 27319326.
2, 3, 4553221
What are the prime factors of 509521448?
2, 43, 1481167
List the prime factors of 90884644.
2, 22721161
What are the prime factors of 23956267?
383, 62549
What are the prime factors of 949571616?
2, 3, 7, 89, 15877
What are the prime factors of 56865089?
227, 397, 631
List the prime factors of 69248120.
2, 5, 313, 5531
What are the prime factors of 4303152674?
2, 43, 50036659
List the prime factors of 1068211.
433, 2467
List the prime factors of 49013837.
59, 830743
What are the prime factors of 318727324?
2, 37, 2153563
What are the prime factors of 222274470?
2, 3, 5, 11, 661, 1019
List the prime factors of 305741.
305741
List the prime factors of 2207181910.
2, 5, 17, 61, 212843
What are the prime factors of 87198270?
2, 3, 5, 17, 37, 4621
List the prime factors of 147813283.
17, 8694899
List the prime factors of 2994859.
7, 29, 14753
What are the prime factors of 43467848?
2, 311, 17471
What are the prime factors of 9065090682?
2, 3, 503616149
List the prime factors of 216763899.
3, 11, 6568603
What are the prime factors of 4033879654?
2, 7, 8443, 34127
List the prime factors of 8461052.
2, 89, 23767
List the prime factors of 42669642.
2, 3, 7111607
What are the prime factors of 862490294?
2, 19, 23, 239, 4129
List the prime factors of 292274932.
2, 89, 820997
What are the prime factors of 55992286?
2, 7, 3999449
What are the prime factors of 606916336?
2, 13, 149, 19583
List the prime factors of 685934225.
5, 27437369
What are the prime factors of 4320364428?
2, 3, 17, 7059419
What are the prime factors of 36258743?
3037, 11939
What are the prime factors of 449892652?
2, 11, 10224833
What are the prime factors of 268880833?
13, 23, 269, 3343
What are the prime factors of 42219095?
5, 8443819
What are the prime factors of 329587652?
2, 691, 119243
List the prime factors of 2136214834.
2, 13, 601, 136709
List the prime factors of 69089397.
3, 13, 29, 37, 127
List the prime factors of 58727686.
2, 199, 147557
What are the prime factors of 1644847456?
2, 7, 743, 9883
List the prime factors of 4810375704.
2, 3, 200432321
List the prime factors of 1499038808.
2, 907, 206593
What are the prime factors of 80018143?
499, 160357
List the prime factors of 158685220.
2, 5, 59, 89, 1511
List the prime factors of 198429355.
5, 17, 2334463
List the prime factors of 73816139.
59, 1251121
List the prime factors of 1540839241.
293, 1913, 2749
What are the prime factors of 303486127?
7, 23, 1885007
List the prime factors of 6014890696.
2, 29, 67, 379, 1021
List the prime factors of 10406616.
2, 3, 11, 39419
List the prime factors of 1529633635.
5, 305926727
What are the prime factors of 1801490387?
23, 227, 345047
What are the prime factors of 1778327019?
3, 7, 28227413
What are the prime factors of 620417915?
5, 13, 271, 35221
List the prime factors of 7529273668.
2, 7, 71